 is the greatest common factor of 42798 and 378?
42
Calculate the highest common divisor of 30668 and 95612.
1804
What is the highest common divisor of 178 and 117391?
89
Calculate the greatest common factor of 5904 and 131241.
123
Calculate the greatest common factor of 20 and 7086740.
20
What is the greatest common divisor of 2937143 and 22?
11
Calculate the highest common factor of 27384 and 96.
24
Calculate the greatest common divisor of 2 and 3334.
2
Calculate the greatest common factor of 33415 and 123.
41
Calculate the greatest common divisor of 104 and 109304.
104
What is the greatest common factor of 3072 and 62464?
1024
Calculate the greatest common divisor of 17914 and 1802.
106
What is the greatest common factor of 3631935 and 10?
5
Calculate the greatest common divisor of 36 and 2131956.
36
What is the highest common divisor of 183 and 17873?
61
Calculate the greatest common factor of 25 and 5175.
25
What is the highest common factor of 192 and 8328?
24
Calculate the greatest common divisor of 367 and 755653.
367
Calculate the greatest common divisor of 10540 and 1280.
20
Calculate the greatest common divisor of 6 and 4929960.
6
What is the greatest common factor of 84 and 127896?
12
Calculate the greatest common factor of 10 and 60370.
10
What is the highest common divisor of 4680 and 1794?
78
Calculate the highest common factor of 5983 and 3379.
31
Calculate the highest common factor of 3394 and 10.
2
What is the highest common factor of 20 and 8770?
10
What is the highest common factor of 2367 and 486?
9
What is the highest common factor of 80 and 23408?
16
What is the greatest common factor of 7 and 70637?
7
What is the greatest common factor of 105425 and 575?
25
What is the greatest common divisor of 25056 and 5400?
216
Calculate the highest common divisor of 329 and 7546.
7
What is the highest common divisor of 546 and 125853?
273
What is the highest common divisor of 139 and 1066686?
139
What is the highest common factor of 36081 and 1368?
171
What is the greatest common divisor of 21760 and 2890?
170
What is the highest common factor of 121641 and 39?
39
Calculate the highest common divisor of 847 and 8043.
7
What is the greatest common divisor of 488 and 4453?
61
What is the greatest common factor of 49006 and 13910?
214
What is the highest common divisor of 67 and 442133?
67
What is the greatest common divisor of 24 and 6921336?
24
Calculate the greatest common factor of 36738 and 10296.
234
Calculate the highest common factor of 2967 and 4485.
69
Calculate the greatest common factor of 78565 and 190.
95
Calculate the highest common factor of 6 and 188169.
3
Calculate the greatest common factor of 34286 and 686.
14
Calculate the highest common factor of 665561 and 26.
13
What is the greatest common factor of 107994 and 12054?
246
What is the highest common divisor of 35504 and 2800?
112
Calculate the greatest common divisor of 3277 and 580.
29
Calculate the greatest common factor of 660 and 189772.
44
What is the highest common divisor of 2816 and 20736?
256
What is the highest common factor of 2925 and 3760380?
585
What is the greatest common factor of 465548 and 4?
4
Calculate the greatest common factor of 1599 and 22726587.
1599
Calculate the greatest common factor of 179729 and 165.
11
What is the greatest common factor of 21624 and 7314?
318
What is the greatest common divisor of 5184 and 448?
64
Calculate the highest common factor of 690 and 2701810.
230
What is the greatest common divisor of 6 and 17172?
6
Calculate the highest common factor of 2120 and 2903340.
1060
Calculate the highest common factor of 340 and 92.
4
What is the greatest common factor of 149149 and 728?
91
What is the greatest common divisor of 12 and 70716?
12
Calculate the highest common divisor of 341 and 128681.
31
Calculate the greatest common factor of 4728 and 888.
24
Calculate the greatest common divisor of 1022420 and 7973.
469
What is the greatest common factor of 31104 and 43416?
648
What is the greatest common divisor of 502326 and 3186?
1062
Calculate the greatest common divisor of 209 and 631807.
209
Calculate the greatest common divisor of 330257 and 166.
83
What is the highest common divisor of 4572 and 28448?
508
What is the highest common divisor of 1233 and 729?
9
Calculate the greatest common factor of 26 and 58162.
26
What is the greatest common divisor of 1014091 and 52?
13
What is the highest common factor of 82 and 260432?
82
What is the highest common factor of 9831 and 19923?
87
Calculate the highest common factor of 78 and 1355510.
26
Calculate the greatest common divisor of 191232 and 936.
72
Calculate the greatest common factor of 490 and 12838.
98
Calculate the greatest common divisor of 40 and 656860.
20
What is the greatest common divisor of 897 and 89999?
299
What is the highest common divisor of 103278 and 357?
21
What is the greatest common divisor of 312 and 1458756?
156
What is the greatest common factor of 229 and 185261?
229
What is the highest common factor of 53622 and 2106?
162
What is the highest common factor of 9 and 3624?
3
Calculate the greatest common factor of 131 and 69.
1
Calculate the highest common divisor of 458109 and 752.
47
Calculate the highest common factor of 820 and 999785.
205
Calculate the highest common divisor of 54 and 351414.
18
Calculate the greatest common factor of 766220 and 23660.
1820
Calculate the highest common factor of 84 and 198618.
42
Calculate the greatest common factor of 48515 and 205015.
1565
Calculate the highest common divisor of 197 and 121.
1
What is the highest common factor of 12855 and 45?
15
Calculate the greatest common factor of 1890 and 9550.
10
Calculate the highest common factor of 2800 and 119728.
112
Calculate the greatest common factor of 9 and 66441.
3
What is the greatest common factor of 249310 and 39590?
1070
Calculate the greatest common divisor of 21027 and 7095.
129
What is the highest common factor of 271 and 438207?
271
Calculate the greatest common divisor of 3342 and 66.
6
What is the greatest common factor of 31 and 387190?
31
What is the greatest common factor of 4 and 1824?
4
What is the greatest common divisor of 19545 and 75?
15
What is the highest common factor of 9360 and 11154?
78
What is the greatest common factor of 168532 and 39?
13
Calculate the highest common factor of 585 and 20865.
195
Calculate the greatest common factor of 224 and 5056352.
224
What is the highest common divisor of 108170 and 1160?
290
Calculate the greatest common factor of 7288 and 37.
1
Calculate the highest common factor of 3724 and 684.
76
What is the greatest common factor of 1035129 and 1167?
1167
Calculate the greatest common divisor of 2605 and 755.
5
What is the highest common factor of 4118 and 19749?
29
What is the greatest common factor of 85816 and 527?
17
What is the highest common factor of 374 and 446270?
22
Calculate the highest common factor of 6460 and 3485.
85
Calculate the greatest common divisor of 147 and 4893.
21
What is the highest common divisor of 9294 and 1008?
6
What is the greatest common factor of 18 and 201285?
9
Calculate the highest common divisor of 125 and 50125.
125
Calculate the highest common divisor of 600 and 126480.
120
What is the greatest common divisor of 79095 and 15?
15
Calculate the highest common divisor of 3152656 and 260.
52
What is the greatest common factor of 11088 and 1287?
99
What is the highest common divisor of 71 and 376513?
71
Calculate the highest common factor of 4429 and 1161.
43
What is the greatest common divisor of 50299 and 7339?
179
What is the highest common factor of 4930 and 1389274?
986
What is the highest common factor of 30656 and 320?
64
What is the highest common divisor of 1234874 and 346?
346
Calculate the greatest common divisor of 223822 and 464.
58
Calculate the greatest common factor of 32 and 344176.
16
Calculate the highest common divisor of 876999 and 241.
241
What is the highest common factor of 344113 and 231?
77
What is the greatest common factor of 32 and 221632?
32
Calculate the highest common factor of 847 and 10703.
77
Calculate the highest common divisor of 58968 and 72.
72
What is the greatest common factor of 204 and 462298?
34
Calculate the highest commo